{"id":1471,"date":"2020-05-27T20:18:47","date_gmt":"2020-05-27T20:18:47","guid":{"rendered":"https:\/\/www.evergreenkonstgras.se\/shop\/?post_type=product&#038;p=1471"},"modified":"2023-05-14T15:22:41","modified_gmt":"2023-05-14T15:22:41","slug":"halcott-43-3000-x-400-cm","status":"publish","type":"product","link":"https:\/\/www.evergreenkonstgras.se\/shop\/produkt\/halcott-43-3000-x-400-cm\/","title":{"rendered":"Halcott 43 * 290 x 120 cm"},"content":{"rendered":"<p>Halcott \u00e4r en modell i serien Long Grass Premium<\/p>\n<p>Str\u00e5h\u00f6jden \u00e4r hela 43 mm vilket g\u00f6r Halcott till det l\u00e4ngsta gr\u00e4set i v\u00e5rt sortiment, och \u00e4r oerh\u00f6rt mjukt att g\u00e5 barfota i.<\/p>\n<p>Tillverkningen sker i Belgien.<\/p>\n<p>&nbsp;<\/p>\n","protected":false},"excerpt":{"rendered":"<p><strong>L\u00e4ngd:<\/strong> 290 cm<br \/>\n<strong>Bredd:<\/strong> 120 cm<br \/>\n<strong>Antal m\u00b2:<\/strong> 3,5<br \/>\n<strong>Str\u00e5h\u00f6jd:<\/strong> 43 mm<br \/>\n<strong>Ord. pris per m\u00b2:<\/strong> 495 kr<br \/>\n<strong>Produktgrupp:<\/strong> <a href=\"https:\/\/www.evergreenkonstgras.se\/shop\/evergreen-long-grass-series\/\">Evergreen Long Grass Series<\/a><br \/>\n<strong>Kategori:<\/strong>\u00a0<a href=\"https:\/\/www.evergreenkonstgras.se\/shop\/premium\/\">Premium<\/a><\/p>\n","protected":false},"featured_media":1407,"template":"","meta":{"_et_pb_use_builder":"","_et_pb_old_content":"","_et_gb_content_width":""},"product_brand":[],"product_cat":[93],"product_tag":[],"class_list":{"0":"post-1471","1":"product","2":"type-product","3":"status-publish","4":"has-post-thumbnail","6":"product_cat-halcott-43","8":"first","9":"instock","10":"sale","11":"taxable","12":"shipping-taxable","13":"purchasable","14":"product-type-simple"},"jetpack-related-posts":[],"jetpack_sharing_enabled":true,"_links":{"self":[{"href":"https:\/\/www.evergreenkonstgras.se\/shop\/wp-json\/wp\/v2\/product\/1471","targetHints":{"allow":["GET"]}}],"collection":[{"href":"https:\/\/www.evergreenkonstgras.se\/shop\/wp-json\/wp\/v2\/product"}],"about":[{"href":"https:\/\/www.evergreenkonstgras.se\/shop\/wp-json\/wp\/v2\/types\/product"}],"wp:featuredmedia":[{"embeddable":true,"href":"https:\/\/www.evergreenkonstgras.se\/shop\/wp-json\/wp\/v2\/media\/1407"}],"wp:attachment":[{"href":"https:\/\/www.evergreenkonstgras.se\/shop\/wp-json\/wp\/v2\/media?parent=1471"}],"wp:term":[{"taxonomy":"product_brand","embeddable":true,"href":"https:\/\/www.evergreenkonstgras.se\/shop\/wp-json\/wp\/v2\/product_brand?post=1471"},{"taxonomy":"product_cat","embeddable":true,"href":"https:\/\/www.evergreenkonstgras.se\/shop\/wp-json\/wp\/v2\/product_cat?post=1471"},{"taxonomy":"product_tag","embeddable":true,"href":"https:\/\/www.evergreenkonstgras.se\/shop\/wp-json\/wp\/v2\/product_tag?post=1471"}],"curies":[{"name":"wp","href":"https:\/\/api.w.org\/{rel}","templated":true}]}}