{"id":2205,"date":"2022-06-03T10:01:13","date_gmt":"2022-06-03T10:01:13","guid":{"rendered":"https:\/\/www.evergreenkonstgras.se\/shop\/?post_type=product&#038;p=2205"},"modified":"2022-11-21T20:27:34","modified_gmt":"2022-11-21T20:27:34","slug":"new-flair-32-pris-per-kvm","status":"publish","type":"product","link":"https:\/\/www.evergreenkonstgras.se\/shop\/produkt\/new-flair-32-pris-per-kvm\/","title":{"rendered":"New Flair 34 * pris per kvm"},"content":{"rendered":"<p>New Flair \u00e4r ett konstgr\u00e4s med ett mjukt och naturtroget utseende som tilltalar m\u00e5nga. Anv\u00e4ndningsomr\u00e5dena \u00e4r flertaliga. Str\u00e5h\u00f6jden \u00e4r 34 mm och man kan dressa gr\u00e4set med 5-10 kg kiselsand per kvm f\u00f6r b\u00e4ttre stabilitet och livsl\u00e4ngd<\/p>\n<p>Rullbredden \u00e4r 400 cm.<\/p>\n<p>Tillverkning sker i Holland.<\/p>\n","protected":false},"excerpt":{"rendered":"<p>New Flair \u00e4r ett konstgr\u00e4s med ett mjukt och naturtroget utseende som tilltalar m\u00e5nga. Anv\u00e4ndningsomr\u00e5dena \u00e4r flertaliga. Str\u00e5h\u00f6jden \u00e4r 34 mm och man kan dressa gr\u00e4set med 5-10 kg kiselsand per kvm f\u00f6r b\u00e4ttre stabilitet och livsl\u00e4ngd Rullbredden \u00e4r 400 cm. Tillverkning sker i Holland.<\/p>\n","protected":false},"featured_media":1820,"template":"","meta":{"_et_pb_use_builder":"","_et_pb_old_content":"","_et_gb_content_width":""},"product_brand":[],"product_cat":[109],"product_tag":[33,31],"class_list":{"0":"post-2205","1":"product","2":"type-product","3":"status-publish","4":"has-post-thumbnail","6":"product_cat-new-flair","7":"product_tag-evergreen-medium-grass-series","8":"product_tag-exclusive","10":"first","11":"instock","12":"taxable","13":"shipping-taxable","14":"purchasable","15":"product-type-simple"},"jetpack-related-posts":[],"jetpack_sharing_enabled":true,"_links":{"self":[{"href":"https:\/\/www.evergreenkonstgras.se\/shop\/wp-json\/wp\/v2\/product\/2205","targetHints":{"allow":["GET"]}}],"collection":[{"href":"https:\/\/www.evergreenkonstgras.se\/shop\/wp-json\/wp\/v2\/product"}],"about":[{"href":"https:\/\/www.evergreenkonstgras.se\/shop\/wp-json\/wp\/v2\/types\/product"}],"wp:featuredmedia":[{"embeddable":true,"href":"https:\/\/www.evergreenkonstgras.se\/shop\/wp-json\/wp\/v2\/media\/1820"}],"wp:attachment":[{"href":"https:\/\/www.evergreenkonstgras.se\/shop\/wp-json\/wp\/v2\/media?parent=2205"}],"wp:term":[{"taxonomy":"product_brand","embeddable":true,"href":"https:\/\/www.evergreenkonstgras.se\/shop\/wp-json\/wp\/v2\/product_brand?post=2205"},{"taxonomy":"product_cat","embeddable":true,"href":"https:\/\/www.evergreenkonstgras.se\/shop\/wp-json\/wp\/v2\/product_cat?post=2205"},{"taxonomy":"product_tag","embeddable":true,"href":"https:\/\/www.evergreenkonstgras.se\/shop\/wp-json\/wp\/v2\/product_tag?post=2205"}],"curies":[{"name":"wp","href":"https:\/\/api.w.org\/{rel}","templated":true}]}}